{"id":17665,"date":"2025-09-28T20:58:55","date_gmt":"2025-09-28T18:58:55","guid":{"rendered":"https:\/\/www.pa-ta-ta.com\/?page_id=17665"},"modified":"2025-09-28T20:58:55","modified_gmt":"2025-09-28T18:58:55","slug":"huellas-luana-fischer","status":"publish","type":"page","link":"https:\/\/www.pa-ta-ta.com\/index.php\/huellas-luana-fischer\/","title":{"rendered":"Huellas \u2014 Luana Fischer\u2028"},"content":{"rendered":"<div class='bootstrap-yop yop-poll-mc'>\n\t\t\t\t\t\t\t<div class=\"basic-yop-poll-container\" style=\"background-color:#ffffff; border:1px; border-style:solid; border-color:#000000; border-radius:5px; padding:10px 10px;\" data-id=\"5\" data-temp=\"basic-pretty\" data-skin=\"square\" data-cscheme=\"green\" data-cap=\"0\" data-access=\"guest\" data-tid=\"\" data-uid=\"ac2e0410ded729968054ba38d59d5a6c\" data-pid=\"17665\" data-resdet=\"percentages\" data-show-results-to=\"\" data-show-results-moment=\"never\" data-show-results-only=\"false\" data-show-message=\"true\" data-show-results-as=\"bar\" data-sort-results-by=\"as-defined\" data-sort-results-rule=\"asc\"data-is-ended=\"1\" data-percentages-decimals=\"2\" data-gdpr=\"no\" data-gdpr-sol=\"consent\" data-css=\".basic-yop-poll-container[data-uid] .basic-vote {\n\t\t\t\t\t\t\t\t\ttext-align: center;\n\t\t\t\t\t\t\t\t}\" data-counter=\"0\" data-load-with=\"1\" data-notification-section=\"top\"><div class=\"row\"><div class=\"col-md-12\"><div class=\"basic-inner\"><div class=\"basic-message \" style=\"border-left: 10px solid #008000; padding: 0px 10px;\" data-error=\"#ff0000\" data-success=\"#008000\"><p class=\"basic-message-text\" style=\"color:#000000; font-size:14px; font-weight:normal;\">No se aceptan m\u00e1s votaciones<\/p><\/div><div class=\"basic-overlay hide\"><div class=\"basic-vote-options\"><\/div><div class=\"basic-preloader\"><div class=\"basic-windows8\"><div class=\"basic-wBall basic-wBall_1\"><div class=\"basic-wInnerBall\"><\/div><\/div><div class=\"basic-wBall basic-wBall_2\"><div class=\"basic-wInnerBall\"><\/div><\/div><div class=\"basic-wBall basic-wBall_3\"><div class=\"basic-wInnerBall\"><\/div><\/div><div class=\"basic-wBall basic-wBall_4\"><div class=\"basic-wInnerBall\"><\/div><\/div><div class=\"basic-wBall basic-wBall_5\"><div class=\"basic-wInnerBall\"><\/div><\/div><\/div><\/div><\/div><form class=\"basic-form\"><input type=\"hidden\" name=\"_token\" value=\"1ea90203da\" autocomplete=\"off\"><div class=\"basic-elements\"><div class=\"basic-element basic-text-block\" data-type=\"text-block\"><p><b>Descripci\u00f3n del proyecto:&nbsp;<\/b>Huellas es un ensayo fotogr\u00e1fico que busca retratar a personas hist\u00f3ricamente invisibilizadas, resignificar espacios excluyentes y ampliar la representaci\u00f3n de los cuerpos en el retrato fotogr\u00e1fico. El proyecto re\u00fane im\u00e1genes de mujeres mayores de 60 a\u00f1os del \u00e1mbito rural de Ar\u00e9valo (\u00c1vila), fotografiadas en un antiguo colegio jesuita del siglo XVI, hoy en ruinas. En este espacio, cargado de historia, la luz que ha atravesado siglos ilumina ahora nuevos rostros y narrativas.<\/p>\n<p>El gesto de situar a estas mujeres en un lugar anta\u00f1o reservado a los hombres convierte la sesi\u00f3n en un acto simb\u00f3lico de reivindicaci\u00f3n y memoria. El di\u00e1logo entre sus cuerpos y la arquitectura plantea una reflexi\u00f3n sobre la ausencia de las mujeres en los relatos hist\u00f3ricos y la necesidad de recuperar sus trayectorias. As\u00ed, la fotograf\u00eda se transforma en una herramienta art\u00edstico-pol\u00edtica que ocupa, repara y construye memoria, proponiendo un retrato m\u00e1s diverso, justo e inclusivo.<\/p><\/div><div class=\"clearfix\"><\/div><div class=\"basic-element basic-question basic-question-text-horizontal\" data-id=\"24\" data-uid=\"29dd0fe4c0d853f1651140504d010fe0\" data-type=\"question\" data-question-type=\"text\" data-required=\"yes\" data-allow-multiple=\"no\" data-min=\"1\" data-max=\"1\" data-display=\"horizontal\" data-colnum=\"\" data-display-others=\"no\" data-others-color=\"\" data-others=\"\" data-others-max-chars=\"0\"><div class=\"basic-question-title\"><h5 style=\"color:#000000; font-size:16px; font-weight:normal; text-align:center;\">Pregunta 1: \u00bfEl proyecto consigue transmitir su historia o emoci\u00f3n a trav\u00e9s de las im\u00e1genes? (1 = nada \/ 4 = much\u00edsimo)<\/h5><\/div><ul class=\"basic-answers basic-h-answers\"><li class=\"basic-answer col-xs-6 col-sm-6 col-md-3\" style=\"padding:0px 0px;\" data-id=\"64\" data-type=\"text\" data-vn=\"0\" data-color=\"#000000\" data-make-link=\"no\" data-link=\"\"><div class=\"basic-answer-content basic-text-horizontal\"><label for=\"answer[64]\" class=\"basic-answer-label\"><input type=\"radio\" id=\"answer[64]\" name=\"answer[24]\" value=\"64\"><span class=\"basic-text\" style=\"color: #000000; font-size: 14px; font-weight: normal;\">1<\/span><\/label><\/div><\/li><li class=\"basic-answer col-xs-6 col-sm-6 col-md-3\" style=\"padding:0px 0px;\" data-id=\"63\" data-type=\"text\" data-vn=\"1\" data-color=\"#000000\" data-make-link=\"no\" data-link=\"\"><div class=\"basic-answer-content basic-text-horizontal\"><label for=\"answer[63]\" class=\"basic-answer-label\"><input type=\"radio\" id=\"answer[63]\" name=\"answer[24]\" value=\"63\"><span class=\"basic-text\" style=\"color: #000000; font-size: 14px; font-weight: normal;\">2<\/span><\/label><\/div><\/li><li class=\"basic-answer col-xs-6 col-sm-6 col-md-3\" style=\"padding:0px 0px;\" data-id=\"62\" data-type=\"text\" data-vn=\"6\" data-color=\"#000000\" data-make-link=\"no\" data-link=\"\"><div class=\"basic-answer-content basic-text-horizontal\"><label for=\"answer[62]\" class=\"basic-answer-label\"><input type=\"radio\" id=\"answer[62]\" name=\"answer[24]\" value=\"62\"><span class=\"basic-text\" style=\"color: #000000; font-size: 14px; font-weight: normal;\">3<\/span><\/label><\/div><\/li><li class=\"basic-answer col-xs-6 col-sm-6 col-md-3\" style=\"padding:0px 0px;\" data-id=\"61\" data-type=\"text\" data-vn=\"7\" data-color=\"#000000\" data-make-link=\"no\" data-link=\"\"><div class=\"basic-answer-content basic-text-horizontal\"><label for=\"answer[61]\" class=\"basic-answer-label\"><input type=\"radio\" id=\"answer[61]\" name=\"answer[24]\" value=\"61\"><span class=\"basic-text\" style=\"color: #000000; font-size: 14px; font-weight: normal;\">4<\/span><\/label><\/div><\/li><\/ul><\/div><div class=\"clearfix\"><\/div><div class=\"basic-element basic-separator basic-space clearfix\" data-type=\"space-separator\" style=\"padding-top:30px; padding-bottom: 30px;\"><\/div><div class=\"basic-element basic-question basic-question-text-horizontal\" data-id=\"25\" data-uid=\"662a1c0495fcb002e3ee0ef577ec76ba\" data-type=\"question\" data-question-type=\"text\" data-required=\"yes\" data-allow-multiple=\"no\" data-min=\"1\" data-max=\"1\" data-display=\"horizontal\" data-colnum=\"\" data-display-others=\"no\" data-others-color=\"\" data-others=\"\" data-others-max-chars=\"0\"><div class=\"basic-question-title\"><h5 style=\"color:#000000; font-size:16px; font-weight:normal; text-align:center;\">Pregunta 2: \u00bfEl proyecto trata un tema importante para las personas o la sociedad (como la igualdad, la memoria, el medio ambiente o la vida en los pueblos)? (1 = nada importante \/ 3 = muy importante)<\/h5><\/div><ul class=\"basic-answers basic-h-answers\"><li class=\"basic-answer col-xs-6 col-sm-6 col-md-4\" style=\"padding:0px 0px;\" data-id=\"70\" data-type=\"text\" data-vn=\"0\" data-color=\"#000000\" data-make-link=\"no\" data-link=\"\"><div class=\"basic-answer-content basic-text-horizontal\"><label for=\"answer[70]\" class=\"basic-answer-label\"><input type=\"radio\" id=\"answer[70]\" name=\"answer[25]\" value=\"70\"><span class=\"basic-text\" style=\"color: #000000; font-size: 14px; font-weight: normal;\">1<\/span><\/label><\/div><\/li><li class=\"basic-answer col-xs-6 col-sm-6 col-md-4\" style=\"padding:0px 0px;\" data-id=\"69\" data-type=\"text\" data-vn=\"4\" data-color=\"#000000\" data-make-link=\"no\" data-link=\"\"><div class=\"basic-answer-content basic-text-horizontal\"><label for=\"answer[69]\" class=\"basic-answer-label\"><input type=\"radio\" id=\"answer[69]\" name=\"answer[25]\" value=\"69\"><span class=\"basic-text\" style=\"color: #000000; font-size: 14px; font-weight: normal;\">2<\/span><\/label><\/div><\/li><li class=\"basic-answer col-xs-6 col-sm-6 col-md-4\" style=\"padding:0px 0px;\" data-id=\"68\" data-type=\"text\" data-vn=\"10\" data-color=\"#000000\" data-make-link=\"no\" data-link=\"\"><div class=\"basic-answer-content basic-text-horizontal\"><label for=\"answer[68]\" class=\"basic-answer-label\"><input type=\"radio\" id=\"answer[68]\" name=\"answer[25]\" value=\"68\"><span class=\"basic-text\" style=\"color: #000000; font-size: 14px; font-weight: normal;\">3<\/span><\/label><\/div><\/li><\/ul><\/div><div class=\"clearfix\"><\/div><div class=\"basic-element basic-separator basic-space clearfix\" data-type=\"space-separator\" style=\"padding-top:30px; padding-bottom: 30px;\"><\/div><div class=\"basic-element basic-question basic-question-text-horizontal\" data-id=\"26\" data-uid=\"3c1bd9dbb3604ba7f3e6852de3a56677\" data-type=\"question\" data-question-type=\"text\" data-required=\"yes\" data-allow-multiple=\"no\" data-min=\"1\" data-max=\"1\" data-display=\"horizontal\" data-colnum=\"\" data-display-others=\"no\" data-others-color=\"\" data-others=\"\" data-others-max-chars=\"0\"><div class=\"basic-question-title\"><h5 style=\"color:#000000; font-size:16px; font-weight:normal; text-align:center;\">Pregunta 3: \u00bfCrees que este proyecto da voz a la gente o puede ayudar a reflexionar y mejorar algo en la comunidad? (1 = nada \/ 3 = mucho)<\/h5><\/div><ul class=\"basic-answers basic-h-answers\"><li class=\"basic-answer col-xs-6 col-sm-6 col-md-4\" style=\"padding:0px 0px;\" data-id=\"76\" data-type=\"text\" data-vn=\"0\" data-color=\"#000000\" data-make-link=\"no\" data-link=\"\"><div class=\"basic-answer-content basic-text-horizontal\"><label for=\"answer[76]\" class=\"basic-answer-label\"><input type=\"radio\" id=\"answer[76]\" name=\"answer[26]\" value=\"76\"><span class=\"basic-text\" style=\"color: #000000; font-size: 14px; font-weight: normal;\">1<\/span><\/label><\/div><\/li><li class=\"basic-answer col-xs-6 col-sm-6 col-md-4\" style=\"padding:0px 0px;\" data-id=\"75\" data-type=\"text\" data-vn=\"4\" data-color=\"#000000\" data-make-link=\"no\" data-link=\"\"><div class=\"basic-answer-content basic-text-horizontal\"><label for=\"answer[75]\" class=\"basic-answer-label\"><input type=\"radio\" id=\"answer[75]\" name=\"answer[26]\" value=\"75\"><span class=\"basic-text\" style=\"color: #000000; font-size: 14px; font-weight: normal;\">2<\/span><\/label><\/div><\/li><li class=\"basic-answer col-xs-6 col-sm-6 col-md-4\" style=\"padding:0px 0px;\" data-id=\"74\" data-type=\"text\" data-vn=\"10\" data-color=\"#000000\" data-make-link=\"no\" data-link=\"\"><div class=\"basic-answer-content basic-text-horizontal\"><label for=\"answer[74]\" class=\"basic-answer-label\"><input type=\"radio\" id=\"answer[74]\" name=\"answer[26]\" value=\"74\"><span class=\"basic-text\" style=\"color: #000000; font-size: 14px; font-weight: normal;\">3<\/span><\/label><\/div><\/li><\/ul><\/div><div class=\"clearfix\"><\/div><\/div><div class=\"basic-vote\"><a href=\"#\" class=\"button basic-vote-button\" role=\"button\" style=\"background:#ffffff; border:1px; border-style: solid; border-color:#000000; border-radius:0px; padding:5px 10px; color:#000000; font-size:14px; font-weight:normal;\">Vota<\/a><\/div><\/form><\/div><\/div><\/div><\/div>\n\t\t\t\t\t\t<\/div>\n","protected":false},"excerpt":{"rendered":"No se aceptan m\u00e1s votacionesDescripci\u00f3n del proyecto:&nbsp;Huellas es un ensayo [...]","protected":false},"author":4,"featured_media":0,"parent":0,"menu_order":0,"comment_status":"closed","ping_status":"closed","template":"","meta":{"footnotes":""},"class_list":["post-17665","page","type-page","status-publish","hentry"],"_links":{"self":[{"href":"https:\/\/www.pa-ta-ta.com\/index.php\/wp-json\/wp\/v2\/pages\/17665","targetHints":{"allow":["GET"]}}],"collection":[{"href":"https:\/\/www.pa-ta-ta.com\/index.php\/wp-json\/wp\/v2\/pages"}],"about":[{"href":"https:\/\/www.pa-ta-ta.com\/index.php\/wp-json\/wp\/v2\/types\/page"}],"author":[{"embeddable":true,"href":"https:\/\/www.pa-ta-ta.com\/index.php\/wp-json\/wp\/v2\/users\/4"}],"replies":[{"embeddable":true,"href":"https:\/\/www.pa-ta-ta.com\/index.php\/wp-json\/wp\/v2\/comments?post=17665"}],"version-history":[{"count":1,"href":"https:\/\/www.pa-ta-ta.com\/index.php\/wp-json\/wp\/v2\/pages\/17665\/revisions"}],"predecessor-version":[{"id":17666,"href":"https:\/\/www.pa-ta-ta.com\/index.php\/wp-json\/wp\/v2\/pages\/17665\/revisions\/17666"}],"wp:attachment":[{"href":"https:\/\/www.pa-ta-ta.com\/index.php\/wp-json\/wp\/v2\/media?parent=17665"}],"curies":[{"name":"wp","href":"https:\/\/api.w.org\/{rel}","templated":true}]}}