{"id":17448,"date":"2025-08-14T19:38:39","date_gmt":"2025-08-14T17:38:39","guid":{"rendered":"https:\/\/www.pa-ta-ta.com\/?page_id=17448"},"modified":"2026-02-04T20:49:47","modified_gmt":"2026-02-04T19:49:47","slug":"noticias","status":"publish","type":"page","link":"https:\/\/www.pa-ta-ta.com\/index.php\/noticias\/","title":{"rendered":"NOTICIAS"},"content":{"rendered":"<div class=\"wpb-content-wrapper\"><p>[vc_section][vc_row parallax_background_image=\u00bb1043&#8243; parallax_bg_speed=\u00bb0&#8243;][vc_column]<h1 class=\"edgtf-custom-font-holder  edgtf-cf-4792  \" style=\"font-size: 120px;line-height: 131px;text-align: left;color: #434145\" data-item-class=\"edgtf-cf-4792\" data-font-size-680=\"60px\" data-line-height-680=\"71px\">\n\tNOTICIAS<br \/><\/h1><div class=\"edgtf-blog-list-holder edgtf-bl-standard edgtf-bl-four-columns edgtf-medium-space edgtf-bl-pag-load-more\"  data-type=standard data-number-of-posts=8 data-number-of-columns=4 data-space-between-items=medium data-orderby=date data-order=DESC data-image-size=haar_edge_square data-title-tag=h4 data-excerpt-length=20 data-post-info-section=no data-post-info-image=yes data-post-info-author=yes data-post-info-date=yes data-post-info-category=yes data-post-info-comments=no data-post-info-like=no data-post-info-share=no data-pagination-type=load-more data-max-num-pages=2 data-next-page=2>\n\t<div class=\"edgtf-bl-wrapper edgtf-outer-space\">\n\t\t<ul class=\"edgtf-blog-list\">\n\t\t\t<li class=\"edgtf-bl-item edgtf-item-space clearfix\">\n\t<div class=\"edgtf-bli-inner\">\n\t\t\n\t<div class=\"edgtf-post-image\">\n\t\t\t\t\t<a itemprop=\"url\" href=\"https:\/\/www.pa-ta-ta.com\/index.php\/2025\/10\/23\/el-pa-ta-ta-festival-2025-consolida-su-apuesta-por-la-fotografia-como-herramienta-de-transformacion-social\/\" title=\"El Pa-ta-ta Festival 2025 consolida su apuesta por la fotograf\u00eda como herramienta de transformaci\u00f3n social\">\n\t\t\t\t\t<img loading=\"lazy\" decoding=\"async\" width=\"550\" height=\"550\" src=\"https:\/\/www.pa-ta-ta.com\/wp-content\/uploads\/2025\/10\/DSC_0139-550x550.jpg\" class=\"attachment-haar_edge_square size-haar_edge_square wp-post-image\" alt=\"\" srcset=\"https:\/\/www.pa-ta-ta.com\/wp-content\/uploads\/2025\/10\/DSC_0139-550x550.jpg 550w, https:\/\/www.pa-ta-ta.com\/wp-content\/uploads\/2025\/10\/DSC_0139-150x150.jpg 150w, https:\/\/www.pa-ta-ta.com\/wp-content\/uploads\/2025\/10\/DSC_0139-1100x1100.jpg 1100w\" sizes=\"auto, (max-width: 550px) 100vw, 550px\" \/>\t\t\t\t\t<\/a>\n\t\t\t\t\t<\/div>\n        <div class=\"edgtf-bli-content\">\n            \t\n\t        \n<h4 itemprop=\"name\" class=\"entry-title edgtf-post-title\" >\n            <a itemprop=\"url\" href=\"https:\/\/www.pa-ta-ta.com\/index.php\/2025\/10\/23\/el-pa-ta-ta-festival-2025-consolida-su-apuesta-por-la-fotografia-como-herramienta-de-transformacion-social\/\" title=\"El Pa-ta-ta Festival 2025 consolida su apuesta por la fotograf\u00eda como herramienta de transformaci\u00f3n social\">\n                <span class=\"edgtf-post-title-inner\">El Pa-ta-ta Festival 2025 consolida su apuesta por la fotograf\u00eda como herramienta de transformaci\u00f3n social<\/span>\n            <\/a>\n    <\/h4>\t\n\t        <div class=\"edgtf-bli-excerpt\">\n\t\t        \t\t<div class=\"edgtf-post-excerpt-holder\">\n\t\t\t<p itemprop=\"description\" class=\"edgtf-post-excerpt\">\n\t\t\t\t\nPara los codirectores del Pa-ta-ta Festival (celebrado del 6 al 12 de octubre) Cecilio Puertas y Mar\u00eda Mart\u00edn, esta edici\u00f3n\t\t\t<\/p>\n\t\t<\/div>\n\t\t\t        \t<div class=\"edgtf-post-read-more-button\">\n\t\t<a itemprop=\"url\" href=\"https:\/\/www.pa-ta-ta.com\/index.php\/2025\/10\/23\/el-pa-ta-ta-festival-2025-consolida-su-apuesta-por-la-fotografia-como-herramienta-de-transformacion-social\/\" target=\"_self\"  class=\"edgtf-btn edgtf-btn-medium edgtf-btn-simple edgtf-blog-list-button\"  >    <span class=\"edgtf-btn-text\">Read More<\/span>    <\/a>\t<\/div>\n\t        <\/div>\n        <\/div>\n\t<\/div>\n<\/li><li class=\"edgtf-bl-item edgtf-item-space clearfix\">\n\t<div class=\"edgtf-bli-inner\">\n\t\t\n\t<div class=\"edgtf-post-image\">\n\t\t\t\t\t<a itemprop=\"url\" href=\"https:\/\/www.pa-ta-ta.com\/index.php\/2025\/10\/08\/exito-rotundo-de-las-visitas-guiadas-para-todos-los-publicos\/\" title=\"\u00a1\u00c9xito rotundo de las visitas guiadas para todos los p\u00fablicos!\">\n\t\t\t\t\t<img loading=\"lazy\" decoding=\"async\" width=\"550\" height=\"550\" src=\"https:\/\/www.pa-ta-ta.com\/wp-content\/uploads\/2025\/10\/IMG_1653-550x550.jpg\" class=\"attachment-haar_edge_square size-haar_edge_square wp-post-image\" alt=\"\" srcset=\"https:\/\/www.pa-ta-ta.com\/wp-content\/uploads\/2025\/10\/IMG_1653-550x550.jpg 550w, https:\/\/www.pa-ta-ta.com\/wp-content\/uploads\/2025\/10\/IMG_1653-150x150.jpg 150w, https:\/\/www.pa-ta-ta.com\/wp-content\/uploads\/2025\/10\/IMG_1653-1100x1100.jpg 1100w\" sizes=\"auto, (max-width: 550px) 100vw, 550px\" \/>\t\t\t\t\t<\/a>\n\t\t\t\t\t<\/div>\n        <div class=\"edgtf-bli-content\">\n            \t\n\t        \n<h4 itemprop=\"name\" class=\"entry-title edgtf-post-title\" >\n            <a itemprop=\"url\" href=\"https:\/\/www.pa-ta-ta.com\/index.php\/2025\/10\/08\/exito-rotundo-de-las-visitas-guiadas-para-todos-los-publicos\/\" title=\"\u00a1\u00c9xito rotundo de las visitas guiadas para todos los p\u00fablicos!\">\n                <span class=\"edgtf-post-title-inner\">\u00a1\u00c9xito rotundo de las visitas guiadas para todos los p\u00fablicos!<\/span>\n            <\/a>\n    <\/h4>\t\n\t        <div class=\"edgtf-bli-excerpt\">\n\t\t        \t\t<div class=\"edgtf-post-excerpt-holder\">\n\t\t\t<p itemprop=\"description\" class=\"edgtf-post-excerpt\">\n\t\t\t\t\n\n\n\n\nDe lunes a mi\u00e9rcoles, el entorno de la Fuente de las Batallas se ha llenado de miradas curiosas, conversaciones y\t\t\t<\/p>\n\t\t<\/div>\n\t\t\t        \t<div class=\"edgtf-post-read-more-button\">\n\t\t<a itemprop=\"url\" href=\"https:\/\/www.pa-ta-ta.com\/index.php\/2025\/10\/08\/exito-rotundo-de-las-visitas-guiadas-para-todos-los-publicos\/\" target=\"_self\"  class=\"edgtf-btn edgtf-btn-medium edgtf-btn-simple edgtf-blog-list-button\"  >    <span class=\"edgtf-btn-text\">Read More<\/span>    <\/a>\t<\/div>\n\t        <\/div>\n        <\/div>\n\t<\/div>\n<\/li><li class=\"edgtf-bl-item edgtf-item-space clearfix\">\n\t<div class=\"edgtf-bli-inner\">\n\t\t\n\t<div class=\"edgtf-post-image\">\n\t\t\t\t\t<a itemprop=\"url\" href=\"https:\/\/www.pa-ta-ta.com\/index.php\/2025\/10\/08\/granada-se-mira-a-los-ojos-pa-ta-ta-festival-inunda-las-calles-y-autobuses-con-la-energia-y-los-rostros-de-sus-vecinos\/\" title=\"Granada se mira a los ojos: Pa-ta-ta Festival inunda las calles y autobuses con la energ\u00eda y los rostros de sus vecinos y vecinas\">\n\t\t\t\t\t<img loading=\"lazy\" decoding=\"async\" width=\"550\" height=\"550\" src=\"https:\/\/www.pa-ta-ta.com\/wp-content\/uploads\/2025\/10\/prensa1-2-550x550.png\" class=\"attachment-haar_edge_square size-haar_edge_square wp-post-image\" alt=\"\" srcset=\"https:\/\/www.pa-ta-ta.com\/wp-content\/uploads\/2025\/10\/prensa1-2-550x550.png 550w, https:\/\/www.pa-ta-ta.com\/wp-content\/uploads\/2025\/10\/prensa1-2-150x150.png 150w, https:\/\/www.pa-ta-ta.com\/wp-content\/uploads\/2025\/10\/prensa1-2-1100x1100.png 1100w\" sizes=\"auto, (max-width: 550px) 100vw, 550px\" \/>\t\t\t\t\t<\/a>\n\t\t\t\t\t<\/div>\n        <div class=\"edgtf-bli-content\">\n            \t\n\t        \n<h4 itemprop=\"name\" class=\"entry-title edgtf-post-title\" >\n            <a itemprop=\"url\" href=\"https:\/\/www.pa-ta-ta.com\/index.php\/2025\/10\/08\/granada-se-mira-a-los-ojos-pa-ta-ta-festival-inunda-las-calles-y-autobuses-con-la-energia-y-los-rostros-de-sus-vecinos\/\" title=\"Granada se mira a los ojos: Pa-ta-ta Festival inunda las calles y autobuses con la energ\u00eda y los rostros de sus vecinos y vecinas\">\n                <span class=\"edgtf-post-title-inner\">Granada se mira a los ojos: Pa-ta-ta Festival inunda las calles y autobuses con la energ\u00eda y los rostros de sus vecinos y vecinas<\/span>\n            <\/a>\n    <\/h4>\t\n\t        <div class=\"edgtf-bli-excerpt\">\n\t\t        \t\t<div class=\"edgtf-post-excerpt-holder\">\n\t\t\t<p itemprop=\"description\" class=\"edgtf-post-excerpt\">\n\t\t\t\t\n\n\u201cCartograf\u00eda vecinal\u201d y \u201cL\u00edneas conectadas\u201d son las dos intervenciones art\u00edsticas que, con la ciudadan\u00eda como protagonista, transforman el mobiliario urbano\t\t\t<\/p>\n\t\t<\/div>\n\t\t\t        \t<div class=\"edgtf-post-read-more-button\">\n\t\t<a itemprop=\"url\" href=\"https:\/\/www.pa-ta-ta.com\/index.php\/2025\/10\/08\/granada-se-mira-a-los-ojos-pa-ta-ta-festival-inunda-las-calles-y-autobuses-con-la-energia-y-los-rostros-de-sus-vecinos\/\" target=\"_self\"  class=\"edgtf-btn edgtf-btn-medium edgtf-btn-simple edgtf-blog-list-button\"  >    <span class=\"edgtf-btn-text\">Read More<\/span>    <\/a>\t<\/div>\n\t        <\/div>\n        <\/div>\n\t<\/div>\n<\/li><li class=\"edgtf-bl-item edgtf-item-space clearfix\">\n\t<div class=\"edgtf-bli-inner\">\n\t\t\n\t<div class=\"edgtf-post-image\">\n\t\t\t\t\t<a itemprop=\"url\" href=\"https:\/\/www.pa-ta-ta.com\/index.php\/2025\/10\/07\/el-arranque-de-nuestro-festival-reflejado-en-los-medios\/\" title=\"El inicio de nuestro festival, reflejado en los medios\">\n\t\t\t\t\t<img loading=\"lazy\" decoding=\"async\" width=\"550\" height=\"550\" src=\"https:\/\/www.pa-ta-ta.com\/wp-content\/uploads\/2025\/10\/IMG_1840-550x550.jpg\" class=\"attachment-haar_edge_square size-haar_edge_square wp-post-image\" alt=\"\" srcset=\"https:\/\/www.pa-ta-ta.com\/wp-content\/uploads\/2025\/10\/IMG_1840-550x550.jpg 550w, https:\/\/www.pa-ta-ta.com\/wp-content\/uploads\/2025\/10\/IMG_1840-150x150.jpg 150w, https:\/\/www.pa-ta-ta.com\/wp-content\/uploads\/2025\/10\/IMG_1840-1100x1100.jpg 1100w\" sizes=\"auto, (max-width: 550px) 100vw, 550px\" \/>\t\t\t\t\t<\/a>\n\t\t\t\t\t<\/div>\n        <div class=\"edgtf-bli-content\">\n            \t\n\t        \n<h4 itemprop=\"name\" class=\"entry-title edgtf-post-title\" >\n            <a itemprop=\"url\" href=\"https:\/\/www.pa-ta-ta.com\/index.php\/2025\/10\/07\/el-arranque-de-nuestro-festival-reflejado-en-los-medios\/\" title=\"El inicio de nuestro festival, reflejado en los medios\">\n                <span class=\"edgtf-post-title-inner\">El inicio de nuestro festival, reflejado en los medios<\/span>\n            <\/a>\n    <\/h4>\t\n\t        <div class=\"edgtf-bli-excerpt\">\n\t\t        \t\t<div class=\"edgtf-post-excerpt-holder\">\n\t\t\t<p itemprop=\"description\" class=\"edgtf-post-excerpt\">\n\t\t\t\t\nEsta misma ma\u00f1ana, nuestra codirectora, Mar\u00eda Mart\u00edn, ha visitado Onda Local de Andaluc\u00eda para dar a conocer la programaci\u00f3n de\t\t\t<\/p>\n\t\t<\/div>\n\t\t\t        \t<div class=\"edgtf-post-read-more-button\">\n\t\t<a itemprop=\"url\" href=\"https:\/\/www.pa-ta-ta.com\/index.php\/2025\/10\/07\/el-arranque-de-nuestro-festival-reflejado-en-los-medios\/\" target=\"_self\"  class=\"edgtf-btn edgtf-btn-medium edgtf-btn-simple edgtf-blog-list-button\"  >    <span class=\"edgtf-btn-text\">Read More<\/span>    <\/a>\t<\/div>\n\t        <\/div>\n        <\/div>\n\t<\/div>\n<\/li><li class=\"edgtf-bl-item edgtf-item-space clearfix\">\n\t<div class=\"edgtf-bli-inner\">\n\t\t\n\t<div class=\"edgtf-post-image\">\n\t\t\t\t\t<a itemprop=\"url\" href=\"https:\/\/www.pa-ta-ta.com\/index.php\/2025\/10\/07\/conoce-a-las-artistas-seleccionadas-os-para-participar-en-los-visionados-de-sobremesa-2025\/\" title=\"Conoce a las artistas seleccionadas\/os para participar en los Visionados de Sobremesa 2025\">\n\t\t\t\t\t<img loading=\"lazy\" decoding=\"async\" width=\"550\" height=\"550\" src=\"https:\/\/www.pa-ta-ta.com\/wp-content\/uploads\/2025\/10\/Omar-Calama-en-La-Ampliadora-550x550.webp\" class=\"attachment-haar_edge_square size-haar_edge_square wp-post-image\" alt=\"\" srcset=\"https:\/\/www.pa-ta-ta.com\/wp-content\/uploads\/2025\/10\/Omar-Calama-en-La-Ampliadora-550x550.webp 550w, https:\/\/www.pa-ta-ta.com\/wp-content\/uploads\/2025\/10\/Omar-Calama-en-La-Ampliadora-150x150.webp 150w\" sizes=\"auto, (max-width: 550px) 100vw, 550px\" \/>\t\t\t\t\t<\/a>\n\t\t\t\t\t<\/div>\n        <div class=\"edgtf-bli-content\">\n            \t\n\t        \n<h4 itemprop=\"name\" class=\"entry-title edgtf-post-title\" >\n            <a itemprop=\"url\" href=\"https:\/\/www.pa-ta-ta.com\/index.php\/2025\/10\/07\/conoce-a-las-artistas-seleccionadas-os-para-participar-en-los-visionados-de-sobremesa-2025\/\" title=\"Conoce a las artistas seleccionadas\/os para participar en los Visionados de Sobremesa 2025\">\n                <span class=\"edgtf-post-title-inner\">Conoce a las artistas seleccionadas\/os para participar en los Visionados de Sobremesa 2025<\/span>\n            <\/a>\n    <\/h4>\t\n\t        <div class=\"edgtf-bli-excerpt\">\n\t\t        \t\t<div class=\"edgtf-post-excerpt-holder\">\n\t\t\t<p itemprop=\"description\" class=\"edgtf-post-excerpt\">\n\t\t\t\t\nNos alegra anunciar que Beatriz Polo Ia\u00f1ez (Cuando se acaba el d\u00eda), Ignacio Navas (KICKFLIP), Miguel Mu\u00f1iz (Nord\u00e9s), N\u00e9stor Lis\u00f3n\t\t\t<\/p>\n\t\t<\/div>\n\t\t\t        \t<div class=\"edgtf-post-read-more-button\">\n\t\t<a itemprop=\"url\" href=\"https:\/\/www.pa-ta-ta.com\/index.php\/2025\/10\/07\/conoce-a-las-artistas-seleccionadas-os-para-participar-en-los-visionados-de-sobremesa-2025\/\" target=\"_self\"  class=\"edgtf-btn edgtf-btn-medium edgtf-btn-simple edgtf-blog-list-button\"  >    <span class=\"edgtf-btn-text\">Read More<\/span>    <\/a>\t<\/div>\n\t        <\/div>\n        <\/div>\n\t<\/div>\n<\/li><li class=\"edgtf-bl-item edgtf-item-space clearfix\">\n\t<div class=\"edgtf-bli-inner\">\n\t\t\n\t<div class=\"edgtf-post-image\">\n\t\t\t\t\t<a itemprop=\"url\" href=\"https:\/\/www.pa-ta-ta.com\/index.php\/2025\/10\/01\/el-pa-ta-ta-festival-celebra-su-brindis-de-arranque-en-el-restaurante-ruta-del-veleta\/\" title=\"Pa-ta-ta Festival celebra su brindis de arranque en el restaurante Ruta del Veleta\">\n\t\t\t\t\t<img loading=\"lazy\" decoding=\"async\" width=\"550\" height=\"550\" src=\"https:\/\/www.pa-ta-ta.com\/wp-content\/uploads\/2025\/10\/IMG_7932-2-550x550.jpg\" class=\"attachment-haar_edge_square size-haar_edge_square wp-post-image\" alt=\"\" srcset=\"https:\/\/www.pa-ta-ta.com\/wp-content\/uploads\/2025\/10\/IMG_7932-2-550x550.jpg 550w, https:\/\/www.pa-ta-ta.com\/wp-content\/uploads\/2025\/10\/IMG_7932-2-150x150.jpg 150w, https:\/\/www.pa-ta-ta.com\/wp-content\/uploads\/2025\/10\/IMG_7932-2-1100x1100.jpg 1100w\" sizes=\"auto, (max-width: 550px) 100vw, 550px\" \/>\t\t\t\t\t<\/a>\n\t\t\t\t\t<\/div>\n        <div class=\"edgtf-bli-content\">\n            \t\n\t        \n<h4 itemprop=\"name\" class=\"entry-title edgtf-post-title\" >\n            <a itemprop=\"url\" href=\"https:\/\/www.pa-ta-ta.com\/index.php\/2025\/10\/01\/el-pa-ta-ta-festival-celebra-su-brindis-de-arranque-en-el-restaurante-ruta-del-veleta\/\" title=\"Pa-ta-ta Festival celebra su brindis de arranque en el restaurante Ruta del Veleta\">\n                <span class=\"edgtf-post-title-inner\">Pa-ta-ta Festival celebra su brindis de arranque en el restaurante Ruta del Veleta<\/span>\n            <\/a>\n    <\/h4>\t\n\t        <div class=\"edgtf-bli-excerpt\">\n\t\t        \t\t<div class=\"edgtf-post-excerpt-holder\">\n\t\t\t<p itemprop=\"description\" class=\"edgtf-post-excerpt\">\n\t\t\t\t\nCon una agradable velada en el restaurante Ruta del Veleta, el equipo de Pa-ta-ta Festival ha querido festejar este martes\t\t\t<\/p>\n\t\t<\/div>\n\t\t\t        \t<div class=\"edgtf-post-read-more-button\">\n\t\t<a itemprop=\"url\" href=\"https:\/\/www.pa-ta-ta.com\/index.php\/2025\/10\/01\/el-pa-ta-ta-festival-celebra-su-brindis-de-arranque-en-el-restaurante-ruta-del-veleta\/\" target=\"_self\"  class=\"edgtf-btn edgtf-btn-medium edgtf-btn-simple edgtf-blog-list-button\"  >    <span class=\"edgtf-btn-text\">Read More<\/span>    <\/a>\t<\/div>\n\t        <\/div>\n        <\/div>\n\t<\/div>\n<\/li><li class=\"edgtf-bl-item edgtf-item-space clearfix\">\n\t<div class=\"edgtf-bli-inner\">\n\t\t\n\t<div class=\"edgtf-post-image\">\n\t\t\t\t\t<a itemprop=\"url\" href=\"https:\/\/www.pa-ta-ta.com\/index.php\/2025\/08\/21\/abrimos-nuestra-convocatoria-visionados-de-sobremesa\/\" title=\"Abrimos nuestra convocatoria \u00abVisionados de Sobremesa\u00bb\">\n\t\t\t\t\t<img loading=\"lazy\" decoding=\"async\" width=\"550\" height=\"550\" src=\"https:\/\/www.pa-ta-ta.com\/wp-content\/uploads\/2025\/08\/MG_7828-550x550.jpg\" class=\"attachment-haar_edge_square size-haar_edge_square wp-post-image\" alt=\"\" srcset=\"https:\/\/www.pa-ta-ta.com\/wp-content\/uploads\/2025\/08\/MG_7828-550x550.jpg 550w, https:\/\/www.pa-ta-ta.com\/wp-content\/uploads\/2025\/08\/MG_7828-150x150.jpg 150w, https:\/\/www.pa-ta-ta.com\/wp-content\/uploads\/2025\/08\/MG_7828-1100x1100.jpg 1100w\" sizes=\"auto, (max-width: 550px) 100vw, 550px\" \/>\t\t\t\t\t<\/a>\n\t\t\t\t\t<\/div>\n        <div class=\"edgtf-bli-content\">\n            \t\n\t        \n<h4 itemprop=\"name\" class=\"entry-title edgtf-post-title\" >\n            <a itemprop=\"url\" href=\"https:\/\/www.pa-ta-ta.com\/index.php\/2025\/08\/21\/abrimos-nuestra-convocatoria-visionados-de-sobremesa\/\" title=\"Abrimos nuestra convocatoria \u00abVisionados de Sobremesa\u00bb\">\n                <span class=\"edgtf-post-title-inner\">Abrimos nuestra convocatoria \u00abVisionados de Sobremesa\u00bb<\/span>\n            <\/a>\n    <\/h4>\t\n\t        <div class=\"edgtf-bli-excerpt\">\n\t\t        \t\t<div class=\"edgtf-post-excerpt-holder\">\n\t\t\t<p itemprop=\"description\" class=\"edgtf-post-excerpt\">\n\t\t\t\t\nSi tienes un proyecto fotogr\u00e1fico (en marcha o terminado) y te apetece compartirlo con profesionales del sector, recibir feedback y\t\t\t<\/p>\n\t\t<\/div>\n\t\t\t        \t<div class=\"edgtf-post-read-more-button\">\n\t\t<a itemprop=\"url\" href=\"https:\/\/www.pa-ta-ta.com\/index.php\/2025\/08\/21\/abrimos-nuestra-convocatoria-visionados-de-sobremesa\/\" target=\"_self\"  class=\"edgtf-btn edgtf-btn-medium edgtf-btn-simple edgtf-blog-list-button\"  >    <span class=\"edgtf-btn-text\">Read More<\/span>    <\/a>\t<\/div>\n\t        <\/div>\n        <\/div>\n\t<\/div>\n<\/li><li class=\"edgtf-bl-item edgtf-item-space clearfix\">\n\t<div class=\"edgtf-bli-inner\">\n\t\t\n\t<div class=\"edgtf-post-image\">\n\t\t\t\t\t<a itemprop=\"url\" href=\"https:\/\/www.pa-ta-ta.com\/index.php\/2025\/08\/17\/energia-de-barrio-fotografia-participativa-para-transformar-los-barrios-de-granada\/\" title=\"Energ\u00eda de Barrio: fotograf\u00eda participativa para transformar los barrios de Granada\">\n\t\t\t\t\t<img loading=\"lazy\" decoding=\"async\" width=\"550\" height=\"550\" src=\"https:\/\/www.pa-ta-ta.com\/wp-content\/uploads\/2025\/08\/DSC_0066-550x550.jpg\" class=\"attachment-haar_edge_square size-haar_edge_square wp-post-image\" alt=\"\" srcset=\"https:\/\/www.pa-ta-ta.com\/wp-content\/uploads\/2025\/08\/DSC_0066-550x550.jpg 550w, https:\/\/www.pa-ta-ta.com\/wp-content\/uploads\/2025\/08\/DSC_0066-150x150.jpg 150w, https:\/\/www.pa-ta-ta.com\/wp-content\/uploads\/2025\/08\/DSC_0066-1100x1100.jpg 1100w\" sizes=\"auto, (max-width: 550px) 100vw, 550px\" \/>\t\t\t\t\t<\/a>\n\t\t\t\t\t<\/div>\n        <div class=\"edgtf-bli-content\">\n            \t\n\t        \n<h4 itemprop=\"name\" class=\"entry-title edgtf-post-title\" >\n            <a itemprop=\"url\" href=\"https:\/\/www.pa-ta-ta.com\/index.php\/2025\/08\/17\/energia-de-barrio-fotografia-participativa-para-transformar-los-barrios-de-granada\/\" title=\"Energ\u00eda de Barrio: fotograf\u00eda participativa para transformar los barrios de Granada\">\n                <span class=\"edgtf-post-title-inner\">Energ\u00eda de Barrio: fotograf\u00eda participativa para transformar los barrios de Granada<\/span>\n            <\/a>\n    <\/h4>\t\n\t        <div class=\"edgtf-bli-excerpt\">\n\t\t        \t\t<div class=\"edgtf-post-excerpt-holder\">\n\t\t\t<p itemprop=\"description\" class=\"edgtf-post-excerpt\">\n\t\t\t\t\nEnerg\u00eda de Barrio es un proyecto impulsado por Pa-ta-ta Festival que utiliza la fotograf\u00eda participativa para visibilizar las realidades, sue\u00f1os,\t\t\t<\/p>\n\t\t<\/div>\n\t\t\t        \t<div class=\"edgtf-post-read-more-button\">\n\t\t<a itemprop=\"url\" href=\"https:\/\/www.pa-ta-ta.com\/index.php\/2025\/08\/17\/energia-de-barrio-fotografia-participativa-para-transformar-los-barrios-de-granada\/\" target=\"_self\"  class=\"edgtf-btn edgtf-btn-medium edgtf-btn-simple edgtf-blog-list-button\"  >    <span class=\"edgtf-btn-text\">Read More<\/span>    <\/a>\t<\/div>\n\t        <\/div>\n        <\/div>\n\t<\/div>\n<\/li>\t\t<\/ul>\n\t<\/div>\n\t\t<div class=\"edgtf-blog-pag-loading\">\n\t\t<div class=\"edgtf-blog-pag-bounce1\"><\/div>\n\t\t<div class=\"edgtf-blog-pag-bounce2\"><\/div>\n\t\t<div class=\"edgtf-blog-pag-bounce3\"><\/div>\n\t<\/div>\n\t<div class=\"edgtf-blog-pag-load-more\">\n\t\t<a itemprop=\"url\" href=\"#\" target=\"_self\"  class=\"edgtf-btn edgtf-btn-medium edgtf-btn-solid\"  >    <span class=\"edgtf-btn-text\">Load More<\/span>    <\/a>\t<\/div>\n\t<input type=\"hidden\" id=\"qodef_blog_load_more_nonce_4038\" name=\"qodef_blog_load_more_nonce_4038\" value=\"53a861e241\" \/><input type=\"hidden\" name=\"_wp_http_referer\" value=\"\/index.php\/wp-json\/wp\/v2\/pages\/17448\" \/><\/div>[\/vc_column][\/vc_row][vc_row][vc_column]<div class=\"edgtf-elements-holder   edgtf-one-column  edgtf-responsive-mode-768 \" ><div class=\"edgtf-eh-item   edgtf-horizontal-alignment-center \"  data-item-class=\"edgtf-eh-custom-8898\" data-1280-1600=\"116px 0% 46px 0%\" data-1024-1280=\"100px 0% 46px 0%\" data-768-1024=\"111px 0% 46px 0%\" data-680-768=\"106px 0% 46px 0%\" data-680=\"63px 0% 46px 0%\">\n\t<div class=\"edgtf-eh-item-inner\">\n\t\t<div class=\"edgtf-eh-item-content edgtf-eh-custom-8898\" style=\"padding: 165px 0% 46px 0%\">\n\t\t\t    <span class=\"edgtf-icon-shortcode edgtf-normal   \" style=\"margin: 0px 20px 0px 0px\" data-hover-color=\"#7D28F0\" data-color=\"#7C28F0\">\n                    <a itemprop=\"url\" class=\"\" href=\"https:\/\/www.instagram.com\/pa_ta_ta_festival\/\" target=\"_blank\">\n                    <i class=\"edgtf-icon-ion-icon ion-social-instagram edgtf-icon-element\" style=\"color: #7C28F0;font-size:40px\" ><\/i>                    <\/a>\n            <\/span>\n    <span class=\"edgtf-icon-shortcode edgtf-normal   \" style=\"margin: 0px 20px 0px 0px\" data-hover-color=\"#7D28F0\" data-color=\"#7D28F0\">\n                    <a itemprop=\"url\" class=\"\" href=\"https:\/\/www.facebook.com\/patatafestival\/\" target=\"_blank\">\n                    <i class=\"edgtf-icon-ion-icon ion-social-facebook edgtf-icon-element\" style=\"color: #7D28F0;font-size:40px\" ><\/i>                    <\/a>\n            <\/span>\n\t\t<\/div>\n\t<\/div>\n<\/div><\/div>[\/vc_column][\/vc_row][\/vc_section]<\/p>\n<\/div>","protected":false},"excerpt":{"rendered":"<p>[vc_section][vc_row parallax_background_image=\u00bb1043&#8243; parallax_bg_speed=\u00bb0&#8243;][vc_column][\/vc_column][\/vc_row][vc_row][vc_column][\/vc_column][\/vc_row][\/vc_section]<\/p>\n","protected":false},"author":5,"featured_media":0,"parent":0,"menu_order":0,"comment_status":"closed","ping_status":"closed","template":"","meta":{"footnotes":""},"class_list":["post-17448","page","type-page","status-publish","hentry"],"_links":{"self":[{"href":"https:\/\/www.pa-ta-ta.com\/index.php\/wp-json\/wp\/v2\/pages\/17448","targetHints":{"allow":["GET"]}}],"collection":[{"href":"https:\/\/www.pa-ta-ta.com\/index.php\/wp-json\/wp\/v2\/pages"}],"about":[{"href":"https:\/\/www.pa-ta-ta.com\/index.php\/wp-json\/wp\/v2\/types\/page"}],"author":[{"embeddable":true,"href":"https:\/\/www.pa-ta-ta.com\/index.php\/wp-json\/wp\/v2\/users\/5"}],"replies":[{"embeddable":true,"href":"https:\/\/www.pa-ta-ta.com\/index.php\/wp-json\/wp\/v2\/comments?post=17448"}],"version-history":[{"count":78,"href":"https:\/\/www.pa-ta-ta.com\/index.php\/wp-json\/wp\/v2\/pages\/17448\/revisions"}],"predecessor-version":[{"id":18135,"href":"https:\/\/www.pa-ta-ta.com\/index.php\/wp-json\/wp\/v2\/pages\/17448\/revisions\/18135"}],"wp:attachment":[{"href":"https:\/\/www.pa-ta-ta.com\/index.php\/wp-json\/wp\/v2\/media?parent=17448"}],"curies":[{"name":"wp","href":"https:\/\/api.w.org\/{rel}","templated":true}]}}